{"id":229,"date":"2022-03-31T08:48:59","date_gmt":"2022-03-31T06:48:59","guid":{"rendered":"https:\/\/jawalmrocza.pl\/?page_id=229"},"modified":"2022-04-12T15:17:10","modified_gmt":"2022-04-12T13:17:10","slug":"skup-zboz","status":"publish","type":"page","link":"https:\/\/jawalmrocza.pl\/index.php\/oferta\/skup-zboz\/","title":{"rendered":"Skup zb\u00f3\u017c Mrocza"},"content":{"rendered":"\n<p>Nie zajmujemy si\u0119 tylko zaopatrywaniem gospodarstw w \u015brodki do produkcji, ale tak\u017ce prowadzimy skup p\u0142od\u00f3w rolnych.<\/p>\n","protected":false},"excerpt":{"rendered":"<p>Nie zajmujemy si\u0119 tylko zaopatrywaniem gospodarstw w \u015brodki do produkcji, ale tak\u017ce prowadzimy skup p\u0142od\u00f3w rolnych.<\/p>\n","protected":false},"author":1,"featured_media":449,"parent":38,"menu_order":0,"comment_status":"closed","ping_status":"closed","template":"Page Oferta.php","meta":{"inline_featured_image":false},"_links":{"self":[{"href":"https:\/\/jawalmrocza.pl\/index.php\/wp-json\/wp\/v2\/pages\/229"}],"collection":[{"href":"https:\/\/jawalmrocza.pl\/index.php\/wp-json\/wp\/v2\/pages"}],"about":[{"href":"https:\/\/jawalmrocza.pl\/index.php\/wp-json\/wp\/v2\/types\/page"}],"author":[{"embeddable":true,"href":"https:\/\/jawalmrocza.pl\/index.php\/wp-json\/wp\/v2\/users\/1"}],"replies":[{"embeddable":true,"href":"https:\/\/jawalmrocza.pl\/index.php\/wp-json\/wp\/v2\/comments?post=229"}],"version-history":[{"count":2,"href":"https:\/\/jawalmrocza.pl\/index.php\/wp-json\/wp\/v2\/pages\/229\/revisions"}],"predecessor-version":[{"id":344,"href":"https:\/\/jawalmrocza.pl\/index.php\/wp-json\/wp\/v2\/pages\/229\/revisions\/344"}],"up":[{"embeddable":true,"href":"https:\/\/jawalmrocza.pl\/index.php\/wp-json\/wp\/v2\/pages\/38"}],"wp:featuredmedia":[{"embeddable":true,"href":"https:\/\/jawalmrocza.pl\/index.php\/wp-json\/wp\/v2\/media\/449"}],"wp:attachment":[{"href":"https:\/\/jawalmrocza.pl\/index.php\/wp-json\/wp\/v2\/media?parent=229"}],"curies":[{"name":"wp","href":"https:\/\/api.w.org\/{rel}","templated":true}]}}